092661 prime?
True
Is 23908971137 prime?
True
Is 4612427419 a composite number?
False
Is 14276739641 composite?
False
Is 23289139 composite?
True
Is 6636424349 prime?
True
Is 1030392119 a prime number?
True
Is 1121890807 prime?
True
Is 620250349 a composite number?
True
Is 6742282991 prime?
False
Is 32768683 prime?
True
Is 2472916309 composite?
True
Is 3037428071 a prime number?
False
Is 333417743 prime?
False
Is 32537268353 prime?
True
Is 45777773309 a prime number?
True
Is 5439328613 prime?
True
Is 7738725653 composite?
True
Is 231583013 a composite number?
False
Is 1338833879 composite?
True
Is 653749763 prime?
True
Is 63101140721 a composite number?
False
Is 93547707557 composite?
True
Is 3736882937 a composite number?
False
Is 706694003 composite?
False
Is 11796484727 a composite number?
False
Is 1351792733 a composite number?
False
Is 6684795761 composite?
True
Is 10841489983 a composite number?
True
Is 10260635251 a composite number?
False
Is 4774815407 a composite number?
False
Is 1945573654 a composite number?
True
Is 9631514749 composite?
True
Is 33689283769 composite?
False
Is 6450946391 prime?
False
Is 5268181621 a composite number?
False
Is 492920227 a prime number?
False
Is 768499871 a composite number?
False
Is 1031602541 composite?
False
Is 4252787221 composite?
True
Is 518011336801 prime?
False
Is 11161025789 prime?
False
Is 6249647479 a composite number?
False
Is 7844648789 a prime number?
True
Is 262591169 a prime number?
False
Is 436652767 prime?
True
Is 2732109911 a composite number?
False
Is 86101001011 prime?
True
Is 16859585731 prime?
True
Is 444642799 composite?
False
Is 3221545289 a prime number?
True
Is 89304356023 a prime number?
False
Is 2559629629 prime?
True
Is 1306111031 prime?
True
Is 31230764357 prime?
False
Is 68508473899 a prime number?
True
Is 18132727861 a prime number?
False
Is 429940153 prime?
True
Is 203135263 prime?
False
Is 483360683 prime?
False
Is 16960020721 prime?
False
Is 2839181149 composite?
True
Is 7081119401 composite?
True
Is 20504006521 a prime number?
True
Is 5147208233 a composite number?
True
Is 456822998 a prime number?
False
Is 3650746061 a prime number?
False
Is 4210262411 prime?
True
Is 90116619731 a prime number?
True
Is 2430538171 a composite number?
False
Is 886551317 composite?
True
Is 5666773345 prime?
False
Is 244783619 a prime number?
True
Is 3412257922 prime?
False
Is 143934577 a composite number?
False
Is 2157330377 prime?
True
Is 7951075913 prime?
False
Is 545228323 a prime number?
True
Is 1578794057 a prime number?
True
Is 121472410489 composite?
True
Is 52429788181 a composite number?
True
Is 7221460457 a prime number?
False
Is 1280710127 composite?
True
Is 29302504411 a composite number?
False
Is 1321206541 prime?
True
Is 200101633 a composite number?
True
Is 70608175877 composite?
True
Is 6026453527 a composite number?
False
Is 11084048369 a composite number?
False
Is 539163881 a composite number?
False
Is 124145245779 composite?
True
Is 73434025943 composite?
True
Is 21872343937 composite?
False
Is 5060199899 a composite number?
False
Is 7590040285 prime?
False
Is 556406453 prime?
False
Is 9737594671 a composite number?
True
Is 26604317 a composite number?
True
Is 4817101813 a composite number?
False
Is 3273212341 prime?
False
Is 1257778187 a composite number?
True
Is 294382981 a composite number?
True
Is 415199441 a composite number?
False
Is 49971241 prime?
False
Is 8061209749 a prime number?
True
Is 222645443219 a prime number?
False
Is 3647670659 composite?
False
Is 3516095797 composite?
False
Is 9501610015 a composite number?
True
Is 9555571703 prime?
True
Is 21394279729 composite?
False
Is 949346653 a prime number?
False
Is 65244657473 prime?
True
Is 2359787569 composite?
True
Is 1573053431 prime?
True
Is 12277073143 prime?
True
Is 3886437869 a prime number?
True
Is 42131371879 composite?
False
Is 15777603811 a composite number?
True
Is 480025781 a composite number?
True
Is 12511993267 a composite number?
False
Is 2253122321 prime?
False
Is 37174751 prime?
False
Is 3695245873 composite?
True
Is 265689713 prime?
True
Is 37351632757 a prime number?
False
Is 15124840163 a composite number?
True
Is 12577474963 a prime number?
False
Is 30104857481 a prime number?
False
Is 17030916439 composite?
False
Is 327749179 a composite number?
True
Is 324132133903 composite?
False
Is 7311253583 a prime number?
False
Is 5238260921 prime?
True
Is 668647879 composite?
True
Is 7951892759 a prime number?
True
Is 2568217373 prime?
False
Is 1482740059 a composite number?
True
Is 1786432961 composite?
False
Is 148120013 prime?
True
Is 205824259 a prime number?
False
Is 123184275947 composite?
False
Is 1203364549 a prime number?
True
Is 255299633 composite?
True
Is 6276560237 a composite number?
False
Is 138172917 a composite number?
True
Is 2921574361 a composite number?
True
Is 721189913 composite?
False
Is 560292221 a composite number?
True
Is 20408874103 composite?
False
Is 63956591 a composite number?
False
Is 1898466083 prime?
False
Is 1263594169 a composite number?
False
Is 12662036419 prime?
True
Is 6380173321 a composite number?
True
Is 945748873 a composite number?
True
Is 254896573 a composite number?
True
Is 105874018 a prime number?
False
Is 11262934037 composite?
False
Is 650242987 prime?
False
Is 2595497677 a prime number?
False
Is 269915665 a prime number?
False
Is 11680418753 a prime number?
True
Is 462943513 a composite number?
True
Is 13480480399 prime?
True
Is 3162012253 a prime number?
True
Is 7954464967 a composite number?
False
Is 7809324409 prime?
True
Is 166270174129 a composite number?
False
Is 3106274141 prime?
True
Is 613975111 a composite number?
True
Is 533888427 a prime number?
False
Is 11585481373 prime?
True
Is 10276788113 composite?
False
Is 629072827 a composite number?
True
Is 1487052481 a composite number?
True
Is 1572127243 a composite number?
False
Is 535673122 a composite number?
True
Is 19900778351 a composite number?
True
Is 1156649779 prime?
False
Is 1426311413 prime?
True
Is 160261161217 a composite number?
True
Is 1645496207 prime?
True
Is 9457124093 a prime number?
True
Is 1922079227 prime?
True
Is 31928944235 composite?
True
Is 4459538327 a prime number?
False
Is 961172987 a composite number?
False
Is 2484956479 a prime number?
True
Is 1867589861 composite?
False
Is 9468863 a prime number?
True
Is 490074647 prime?
True
Is 21836334809 composite?
False
Is 7670404583 a prime number?
True
Is 19184382911 prime?
True
Is 5602166563 a composite number?
True
Is 12597220217 a composite number?
False
Is 5256834763 a composite number?
False
Is 154252561 a prime number?
True
Is 186948927965 a composite number?
True
Is 20757364987 prime?
False
Is 2300259809 prime?
False
Is 317668763 composite?
True
Is 17312549179 a prime number?
True
Is 1168622597 composite?
False
Is 3015376829 a prime number?
True
Is 470536943 a prime number?
True
Is 50727658393 prime?
True
Is 2682471287 a composite number?
True
Is 1116767759 a composite number?
False
Is 770273711 composite?
False
Is 2653897709 prime?
True
Is 7298286767 prime?
True
Is 45993119839 composite?
False
Is 229919717 composite?
False
Is 3644721101 a composite number?
True
Is 1729398769 a composite number?
True
Is 1682218115 a prime number?
False
Is 439132443463 composite?
True
Is 2887565066 a prime number?
False
Is 10312143043 a prime number?
True
Is 4698607633 prime?
True
Is 2380726613 a composite number?
False
Is 1128799601 composite?
True
Is 915898231 prime?
True
Is 335277317 composite?
True
Is 438402161 a prime number?
True
Is 8402289589 composite?
False
Is 4006027799 prime?
True
Is 2938962727 a prime number?
False
Is 228864959 prime?
True
Is 201030937 a composite number?
True
Is 52213573 prime?
True
Is 35489646349 prime?
False
Is 3175808943 a composite number?
True
Is 2587805047 prime?
False
Is 128921954101 composite?
True
Is 81529828799 prime?
False
Is 8086719577 composite?
False
Is 2787809077 composite?
False
Is 4158744521 a composite number?
False
Is 3811222202 a prime number?
False
Is 12574685099 a composite number?
True
Is 9455370965 prime?
False
Is 249106757 composite?
False
Is 76477246213 a prime number?
True
Is 906124379 a composite number?
False
Is 15754813667 a prime number?
False
Is 38639409